{"id":14,"date":"2013-11-27T22:18:08","date_gmt":"2013-11-27T21:18:08","guid":{"rendered":"http:\/\/aquarius-mdl.de\/wiesol\/?page_id=14"},"modified":"2020-06-14T17:30:20","modified_gmt":"2020-06-14T15:30:20","slug":"heizenmitholz","status":"publish","type":"page","link":"https:\/\/www.wiesol.com\/?page_id=14","title":{"rendered":"Heizen mit Holz"},"content":{"rendered":"<p>&nbsp;<\/p>\n<div>\n<p><strong>DER BRENNSTOFF HOLZ:<br \/>\n<\/strong><br \/>\nEs gibt viele Gr\u00fcnde, die f\u00fcr die Verwendung von Holz als Brennstoff sprechen!<br \/>\nHolz ist ein nachhaltiger Brennstoff, denn j\u00e4hrlich w\u00e4chst mehr Holz nach, als genutzt wird. Zus\u00e4tzlich bieten sogenannte\u00a0Energieh\u00f6lzer wie Pappeln oder Weiden eine Versorgungssicherheit, die auf Nutzfl\u00e4chen angebaut werden und in kurzer Zeit immer wieder nachwachsen. Zudem wird Holz im Gegensatz zu fossilen Energietr\u00e4gern als Co2-neutral bezeichnet\u00a0&#8211; ein klarer \u00f6kologischer Vorteil!<\/p>\n<p><strong>Biomasseheizung mit Komfort<\/strong><\/p>\n<\/div>\n<div>\n<p>Bei modernen Biomasseheizungen muss man keine Abstriche in Bezug auf Komfort, Sicherheit und Sauberkeit machen, denn es sind vollautomatische Heizsysteme. Sie<b> <\/b>gew\u00e4hrleisten eine effiziente Verbrennung und einen hohen Bedienungskomfort. Biomasse ist sicher, sauber und bequem.<\/p>\n<p><strong>H<\/strong><strong>eizkosten sparen mit Biomasse<\/strong><\/p>\n<p>Wer <b>dauerhaft Heizkosten sparen<\/b> will, heizt mit dem nachwachsenden Brennstoff Holz. Im Gegensatz zu fossilen Brennstoffen entwickeln sich die Preise f\u00fcr<strong> Pellets, Hackschnitzel oder Scheitholz <\/strong>seit Jahren stabil . Die Holzpreise sind weitgehend unabh\u00e4ngig von den Weltmarktpreisen f\u00fcr Erd\u00f6l und Erdgas.<\/p>\n<p><strong>Vorteile durch Heizen mit Holz<\/strong><\/p>\n<p>\u2022 Nachwachsender heimscher Rohstoff<br \/>\n\u2022 Emissionsarme, CO2-neutrale Verbrennung<br \/>\n\u2022 Ideale Kombination mit Solarw\u00e4rmeanlage<br \/>\n\u2022 St\u00e4rkung der regionalen Wirtschaft<br \/>\n\u2022 Umweltschutz durch kurze Transportwege<\/p>\n<p><strong>\u00a0<\/strong><\/p>\n<p>&nbsp;<\/p>\n<\/div>\n","protected":false},"excerpt":{"rendered":"<p>&nbsp; DER BRENNSTOFF HOLZ: Es gibt viele Gr\u00fcnde, die f\u00fcr die Verwendung von Holz als Brennstoff sprechen! Holz ist ein nachhaltiger Brennstoff, denn j\u00e4hrlich w\u00e4chst mehr Holz nach, als genutzt wird. Zus\u00e4tzlich bieten sogenannte\u00a0Energieh\u00f6lzer wie Pappeln oder Weiden eine Versorgungssicherheit, &hellip; <a href=\"https:\/\/www.wiesol.com\/?page_id=14\">Weiterlesen <span class=\"meta-nav\">&rarr;<\/span><\/a><\/p>\n","protected":false},"author":5,"featured_media":0,"parent":0,"menu_order":0,"comment_status":"closed","ping_status":"closed","template":"","meta":{"footnotes":""},"_links":{"self":[{"href":"https:\/\/www.wiesol.com\/index.php?rest_route=\/wp\/v2\/pages\/14"}],"collection":[{"href":"https:\/\/www.wiesol.com\/index.php?rest_route=\/wp\/v2\/pages"}],"about":[{"href":"https:\/\/www.wiesol.com\/index.php?rest_route=\/wp\/v2\/types\/page"}],"author":[{"embeddable":true,"href":"https:\/\/www.wiesol.com\/index.php?rest_route=\/wp\/v2\/users\/5"}],"replies":[{"embeddable":true,"href":"https:\/\/www.wiesol.com\/index.php?rest_route=%2Fwp%2Fv2%2Fcomments&post=14"}],"version-history":[{"count":15,"href":"https:\/\/www.wiesol.com\/index.php?rest_route=\/wp\/v2\/pages\/14\/revisions"}],"predecessor-version":[{"id":661,"href":"https:\/\/www.wiesol.com\/index.php?rest_route=\/wp\/v2\/pages\/14\/revisions\/661"}],"wp:attachment":[{"href":"https:\/\/www.wiesol.com\/index.php?rest_route=%2Fwp%2Fv2%2Fmedia&parent=14"}],"curies":[{"name":"wp","href":"https:\/\/api.w.org\/{rel}","templated":true}]}}