{"id":197,"date":"2014-01-01T16:26:09","date_gmt":"2014-01-01T15:26:09","guid":{"rendered":"http:\/\/aquarius-mdl.de\/wiesol\/?page_id=197"},"modified":"2020-06-14T17:36:04","modified_gmt":"2020-06-14T15:36:04","slug":"heizung","status":"publish","type":"page","link":"https:\/\/www.wiesol.com\/?page_id=197","title":{"rendered":"Heizung"},"content":{"rendered":"<p><strong>SOLARENERGIE F\u00dcR HEIZUNGSUNTERST\u00dcTZUNG<\/strong><\/p>\n<p><em>Sorglos heizen durch Heizungsmodernisierung<\/em><\/p>\n<div>\n<p>Solarthermieanlagen sind nicht nur bei Neubauten eine lohnende Investition.\u00a0\u00a0\u00a0\u00a0\u00a0\u00a0\u00a0\u00a0\u00a0\u00a0\u00a0\u00a0\u00a0 Bei bestehenden Geb\u00e4uden ist es normalerweise problemlos m\u00f6glich, eine Solar-thermieanlage nachzur\u00fcsten. Die Energiesparverordnung (EnEV) verpflichtet Haus-besitzer, Heizkessel nach sp\u00e4testens 30 Jahren zu ersetzten. Au\u00dferdem ist seit dem\u00a0 1. Juli 2015\u00a0 mit dem \u201eErneuerbare-W\u00e4rme-Gesetz Baden W\u00fcrttemberg\u201c (EW\u00e4rmeG)\u00a0 eine weitere Bestimmung in Kraft getreten: Der Gesetzgeber schreibt vor, dass <span style=\"text-decoration: underline;\">mindestens 15 % erneuerbare Energien verwendet werden m\u00fcssen<\/span>.\u00a0\u00a0\u00a0\u00a0\u00a0\u00a0\u00a0\u00a0\u00a0\u00a0\u00a0\u00a0\u00a0\u00a0\u00a0\u00a0\u00a0\u00a0 N\u00e4here Infos unter: <a href=\"http:\/\/www.um.baden-wuerttemberg.de\" target=\"_blank\" rel=\"noopener noreferrer\">www.um.baden-wuerttemberg.de<\/a>. Aus diesem Grund ist eine der wirtschaftlichsten Ma\u00dfnahme zur Energieeinsparung, der Austausch alter Heizkessel.<\/p>\n<\/div>\n<div><strong>Vorteile der Heizungsunterst\u00fctzung:<\/strong><\/p>\n<ul>\n<li>Jeder Solaranlagenbetreiber w\u00fcnscht sich von seiner Anlage ein m\u00f6glichst g\u00fcnstiges Preis-Leistungsverh\u00e4ltnis. Bezogen auf ein <b>heizungsunterst\u00fctzendes System<\/b>, l\u00e4sst sich der Verbrauch <b>mit einer wirtschaftlich dimensionierten Solarthermieanlage<\/b> je nach Auslegung um bis zu <b>50 % reduzieren<\/b>.<\/li>\n<li>In der \u00dcbergangszeit kann meist bzw. g\u00e4nzlich auf die Zuschaltung des konventionellen Heizkessels verzichtet werden.<\/li>\n<li>Deutliche Reduzierung des CO2-Aussto\u00dfes, da der Heizungskessel weniger arbeiten muss<\/li>\n<\/ul>\n<\/div>\n<div><strong>Wir sind Ihr Fachunternehmen in Sachen \u201eThermische Solartechnik\u201c. <\/strong><\/div>\n<div><strong>Profitieren Sie von unserer langj\u00e4hrigen Erfahrung!<\/strong><\/div>\n<div><\/div>\n<div><span style=\"text-decoration: underline;\"><em>Ihr Solarerfolg h\u00e4ngt entscheidend von verschiedenen Aspekten ab:<\/em><\/span><\/div>\n<div><\/div>\n<div>\n<ul>\n<li>Wir setzen auf Qualit\u00e4tskomponenten und informieren Sie gerne \u00fcber die Vorteile der einzelnen Solarw\u00e4rmesysteme<\/li>\n<li>Wir analysieren Ihren W\u00e4rmebedarf und erarbeiten f\u00fcr Sie eine optimale Aus-legung. Bei steigenden Energiepreisen liegt es nahe, die Heizungsanlage zu optimieren<\/li>\n<li>Wir weisen Sie nach der Installation bzw. Inbetriebnahme gr\u00fcndlich in die Be-dienung Ihrer Anlage ein und unterst\u00fctzen Sie auch weiterhin bei anstehenden Fragen<\/li>\n<\/ul>\n<\/div>\n<div>\n<p><strong>Solare Heizungsunterst\u00fctzung (Kombianlagen)<\/strong><\/p>\n<p>Jede zweite solarthermische Anlage dient heute neben der Trinkwassererw\u00e4rmung zus\u00e4tzlich der Unterst\u00fctzung einer Raumheizung.<\/p>\n<p>Um Heizkosten zu sparen und sich von der Abh\u00e4ngigkeit der immer teurer werdenden fossilen Brennstoffe wie \u00d6l und Gas zu l\u00f6sen, nutzt man die kostenlose Energie der Sonne<b>. <\/b>Dabei hat sich die Solarthermie als eine sehr attraktive und leistungsf\u00e4hige Technik zur <b>Heizungs- und Warmwasserunterst\u00fctzung<\/b> etabliert und hilft schon jetzt vielen Haushalten die Heizkosten merklich zu senken.<\/p>\n<\/div>\n","protected":false},"excerpt":{"rendered":"<p>SOLARENERGIE F\u00dcR HEIZUNGSUNTERST\u00dcTZUNG Sorglos heizen durch Heizungsmodernisierung Solarthermieanlagen sind nicht nur bei Neubauten eine lohnende Investition.\u00a0\u00a0\u00a0\u00a0\u00a0\u00a0\u00a0\u00a0\u00a0\u00a0\u00a0\u00a0\u00a0 Bei bestehenden Geb\u00e4uden ist es normalerweise problemlos m\u00f6glich, eine Solar-thermieanlage nachzur\u00fcsten. Die Energiesparverordnung (EnEV) verpflichtet Haus-besitzer, Heizkessel nach sp\u00e4testens 30 Jahren zu ersetzten. Au\u00dferdem &hellip; <a href=\"https:\/\/www.wiesol.com\/?page_id=197\">Weiterlesen <span class=\"meta-nav\">&rarr;<\/span><\/a><\/p>\n","protected":false},"author":5,"featured_media":0,"parent":10,"menu_order":2,"comment_status":"closed","ping_status":"closed","template":"","meta":{"footnotes":""},"_links":{"self":[{"href":"https:\/\/www.wiesol.com\/index.php?rest_route=\/wp\/v2\/pages\/197"}],"collection":[{"href":"https:\/\/www.wiesol.com\/index.php?rest_route=\/wp\/v2\/pages"}],"about":[{"href":"https:\/\/www.wiesol.com\/index.php?rest_route=\/wp\/v2\/types\/page"}],"author":[{"embeddable":true,"href":"https:\/\/www.wiesol.com\/index.php?rest_route=\/wp\/v2\/users\/5"}],"replies":[{"embeddable":true,"href":"https:\/\/www.wiesol.com\/index.php?rest_route=%2Fwp%2Fv2%2Fcomments&post=197"}],"version-history":[{"count":16,"href":"https:\/\/www.wiesol.com\/index.php?rest_route=\/wp\/v2\/pages\/197\/revisions"}],"predecessor-version":[{"id":733,"href":"https:\/\/www.wiesol.com\/index.php?rest_route=\/wp\/v2\/pages\/197\/revisions\/733"}],"up":[{"embeddable":true,"href":"https:\/\/www.wiesol.com\/index.php?rest_route=\/wp\/v2\/pages\/10"}],"wp:attachment":[{"href":"https:\/\/www.wiesol.com\/index.php?rest_route=%2Fwp%2Fv2%2Fmedia&parent=197"}],"curies":[{"name":"wp","href":"https:\/\/api.w.org\/{rel}","templated":true}]}}