{"id":199,"date":"2014-01-01T16:26:42","date_gmt":"2014-01-01T15:26:42","guid":{"rendered":"http:\/\/aquarius-mdl.de\/wiesol\/?page_id=199"},"modified":"2020-06-14T17:33:01","modified_gmt":"2020-06-14T15:33:01","slug":"schwimmbad","status":"publish","type":"page","link":"https:\/\/www.wiesol.com\/?page_id=199","title":{"rendered":"Schwimmbad"},"content":{"rendered":"<p><strong>SOLARE SCHWIMMBADERW\u00c4RMUNG<\/strong><\/p>\n<div>\n<p><strong>Pool Solarheizungen \u2013 effektiv und kosteng\u00fcnstig!!<\/strong><\/p>\n<p>Um schon im Fr\u00fchsommer eine angenehme Wasser-Temperatur zu erreichen, m\u00fcssen Schwimmbecken zus\u00e4tzlich energieintensiv beheizt werden.<br \/>\nMit einer <b>Pool-Solarheizung<\/b> k\u00f6nnen Sie die <b>Badezeit in Ihrem Au\u00dfenpool mit hohem Wirkungsgrad kosteng\u00fcnstig und umweltschonend verl\u00e4ngern<\/b>.<\/p>\n<p>Die Anforderungen an eine Solarheizung f\u00fcr den Pool sind gering. Da keine hohen Temperaturen aber eine relativ gro\u00dfe Wassermenge ben\u00f6tigt werden, kann hier die Solaranlage auf sehr niedrigem Temperaturniveau betrieben werden.<\/p>\n<\/div>\n<div>\n<p><strong>Schwimmbad-Absorber<\/strong> bestehen meistens aus schwarzen Gummimatten (EPDM, PE, PP), die mit schwarzen Kunststoffschl\u00e4uchen verbunden sind. Das Wasser im Swimmingpool dient als Solarspeicher, w\u00e4hrend die Filter-Pumpe den Wasserkreislauf antreibt, um somit die Wassertemperatur zu erw\u00e4rmen. Der Swimmingpool sollte nachts allerdings abgedeckt werden, damit die Solar-W\u00e4rme nicht allzu schnell entweicht.<\/p>\n<div>\n<div id=\"attachment_502\" style=\"width: 310px\" class=\"wp-caption aligncenter\"><a href=\"http:\/\/aquarius-mdl.de\/wiesol\/wp-content\/uploads\/solarthermie_schwimmbad.jpg\"><img aria-describedby=\"caption-attachment-502\" decoding=\"async\" loading=\"lazy\" class=\"size-medium wp-image-502\" alt=\"Quelle www.aqsol.de\" src=\"http:\/\/aquarius-mdl.de\/wiesol\/wp-content\/uploads\/solarthermie_schwimmbad-300x250.jpg\" width=\"300\" height=\"250\" \/><\/a><p id=\"caption-attachment-502\" class=\"wp-caption-text\">Quelle www.aqsol.de<\/p><\/div>\n<\/div>\n<div>\n<p>Neben den Solarsystemen die ausschlie\u00dflich als Pool-Solarheizung genutzt werden, l\u00e4sst sich die solare Schwimmbaderw\u00e4rmung nat\u00fcrlich auch problemlos mit der solaren Brauchwasserbereitung und Heizungsunterst\u00fctzung koppeln.<\/p>\n<\/div>\n<\/div>\n","protected":false},"excerpt":{"rendered":"<p>SOLARE SCHWIMMBADERW\u00c4RMUNG Pool Solarheizungen \u2013 effektiv und kosteng\u00fcnstig!! Um schon im Fr\u00fchsommer eine angenehme Wasser-Temperatur zu erreichen, m\u00fcssen Schwimmbecken zus\u00e4tzlich energieintensiv beheizt werden. Mit einer Pool-Solarheizung k\u00f6nnen Sie die Badezeit in Ihrem Au\u00dfenpool mit hohem Wirkungsgrad kosteng\u00fcnstig und umweltschonend verl\u00e4ngern. &hellip; <a href=\"https:\/\/www.wiesol.com\/?page_id=199\">Weiterlesen <span class=\"meta-nav\">&rarr;<\/span><\/a><\/p>\n","protected":false},"author":5,"featured_media":0,"parent":10,"menu_order":3,"comment_status":"closed","ping_status":"closed","template":"","meta":{"footnotes":""},"_links":{"self":[{"href":"https:\/\/www.wiesol.com\/index.php?rest_route=\/wp\/v2\/pages\/199"}],"collection":[{"href":"https:\/\/www.wiesol.com\/index.php?rest_route=\/wp\/v2\/pages"}],"about":[{"href":"https:\/\/www.wiesol.com\/index.php?rest_route=\/wp\/v2\/types\/page"}],"author":[{"embeddable":true,"href":"https:\/\/www.wiesol.com\/index.php?rest_route=\/wp\/v2\/users\/5"}],"replies":[{"embeddable":true,"href":"https:\/\/www.wiesol.com\/index.php?rest_route=%2Fwp%2Fv2%2Fcomments&post=199"}],"version-history":[{"count":5,"href":"https:\/\/www.wiesol.com\/index.php?rest_route=\/wp\/v2\/pages\/199\/revisions"}],"predecessor-version":[{"id":623,"href":"https:\/\/www.wiesol.com\/index.php?rest_route=\/wp\/v2\/pages\/199\/revisions\/623"}],"up":[{"embeddable":true,"href":"https:\/\/www.wiesol.com\/index.php?rest_route=\/wp\/v2\/pages\/10"}],"wp:attachment":[{"href":"https:\/\/www.wiesol.com\/index.php?rest_route=%2Fwp%2Fv2%2Fmedia&parent=199"}],"curies":[{"name":"wp","href":"https:\/\/api.w.org\/{rel}","templated":true}]}}